base 2, what is 0 + -1111?
-1111
In base 6, what is 33 + -100?
-23
In base 9, what is 7 + 2205?
2213
In base 10, what is -7407 + -4?
-7411
In base 4, what is -30201 - 1?
-30202
In base 16, what is -c - -26?
1a
In base 9, what is 5 + 262?
267
In base 6, what is 453 - 104?
345
In base 12, what is -1 + 317?
316
In base 10, what is 1 - 1517?
-1516
In base 14, what is 58 + 4?
5c
In base 4, what is 223 - 31?
132
In base 10, what is 226 + 82?
308
In base 13, what is 1 + -a3?
-a2
In base 3, what is -210222 - 1001?
-212000
In base 13, what is -437 - 4?
-43b
In base 4, what is -3 + 1002030?
1002021
In base 10, what is 1 + -1141?
-1140
In base 7, what is -2 + -122?
-124
In base 12, what is 3 - -20?
23
In base 12, what is -51b2 - -4?
-51aa
In base 15, what is 9 - 30?
-26
In base 4, what is -331223 - -11?
-331212
In base 12, what is -5 - 299?
-2a2
In base 3, what is -12 + -1010?
-1022
In base 15, what is 90 + 4?
94
In base 9, what is -2038 + -2?
-2041
In base 8, what is 2475 + -3?
2472
In base 6, what is -1 + -33205?
-33210
In base 10, what is 2012 + 2?
2014
In base 5, what is 0 + -34?
-34
In base 14, what is -34 + -28?
-5c
In base 6, what is -1 - 352?
-353
In base 2, what is 101000110001 - 1?
101000110000
In base 9, what is -1 + 13?
12
In base 6, what is 33 - -4?
41
In base 15, what is -38 + -e5?
-12d
In base 9, what is 637 - -7?
645
In base 12, what is 3 - -525?
528
In base 10, what is 168 + 1?
169
In base 6, what is -103405 - -4?
-103401
In base 6, what is 3 + 3534?
3541
In base 10, what is -114 + -3?
-117
In base 16, what is -1a1 - 6?
-1a7
In base 6, what is 11322 + -1?
11321
In base 2, what is 1 + 1000001110?
1000001111
In base 14, what is 4 + -165b?
-1657
In base 13, what is 0 - -10?
10
In base 14, what is c + -3d?
-31
In base 10, what is -3 + -1507?
-1510
In base 10, what is -5 - 29?
-34
In base 8, what is -3 + 4772?
4767
In base 3, what is -10 - -1120?
1110
In base 10, what is -2 - 9?
-11
In base 2, what is -10101010 - 10111?
-11000001
In base 9, what is -547 - -7?
-540
In base 7, what is -1 + 140?
136
In base 5, what is 10 - -141?
201
In base 16, what is -4 + 17?
13
In base 5, what is 13 + -123?
-110
In base 10, what is 1038 - -7?
1045
In base 11, what is -4 - a3?
-a7
In base 15, what is -134e + 3?
-134b
In base 4, what is -123323 + 11?
-123312
In base 5, what is -11142 + 11?
-11131
In base 11, what is -1262 + -1?
-1263
In base 6, what is 5 + -54?
-45
In base 13, what is a4 + 1?
a5
In base 4, what is 20 + -101130?
-101110
In base 4, what is 3013 + 1331?
11010
In base 5, what is -3 - -313142?
313134
In base 10, what is -13 - 345?
-358
In base 4, what is -1 + -22?
-23
In base 4, what is 10131 - 1?
10130
In base 6, what is -3 + 3230?
3223
In base 4, what is 120 + 12?
132
In base 14, what is -18a + -4?
-190
In base 4, what is -22 + -11?
-33
In base 16, what is 6 + c?
12
In base 15, what is -95bc - -3?
-95b9
In base 6, what is -25552 - 3?
-25555
In base 9, what is -5 + -404?
-410
In base 15, what is -2 - 738?
-73a
In base 13, what is -3 + 2cc8?
2cc5
In base 3, what is 10212010 - -12?
10212022
In base 9, what is 18322 - 1?
18321
In base 11, what is -37 - 13a?
-176
In base 3, what is -10 + -212?
-222
In base 10, what is 33 - -26?
59
In base 10, what is 76 - -4?
80
In base 10, what is -2 - 180?
-182
In base 13, what is 3 + 37?
3a
In base 9, what is -5 + 1180?
1174
In base 9, what is -5316 - -1?
-5315
In base 16, what is -1 + a2?
a1
In base 8, what is 5 + -207?
-202
In base 11, what is 132 - 35?
a8
In base 6, what is -20 + -103?
-123
In base 15, what is -2 - -10e?
10c
In base 2, what is 1 - 100?
-11
In base 14, what is 480 + 2?
482
In base 15, what is 8 + 34?
3c
In base 14, what is -98 + 2?
-96
In base 11, what is -a1 - -4?
-98
In base 12, what is -4b + 1?
-4a
In base 12, what is -34 - 2?
-36
In base 7, what is -330 + 0?
-330
In base 11, what is -2 + 10?
9
In base 16, what is 89e + -2?
89c
In base 6, what is -1344 - 125?
-1513
In base 7, what is -1124 - 5?
-1132
In base 16, what is -4 - 274?
-278
In base 12, what is -3b0 + 2?
-3aa
In base 6, what is -1000 + -5?
-1005
In base 9, what is 5 - -14?
20
In base 6, what is 214 + 53?
311
In base 15, what is -30 - -3?
-2c
In base 10, what is -4 + -533?
-537
In base 13, what is -2 - 31?
-33
In base 12, what is 6b3 + 8?
6bb
In base 7, what is 11 + -1054?
-1043
In base 14, what is -9 - -1628?
161d
In base 3, what is -1 + -2110?
-2111
In base 11, what is 8 + 48?
55
In base 9, what is -810 - -5?
-804
In base 15, what is -b8 - -7?
-b1
In base 8, what is -2 - -56?
54
In base 2, what is -11001101 + 1?
-11001100
In base 5, what is -4 - 22?
-31
In base 6, what is 2 - 151?
-145
In base 11, what is -a + 9?
-1
In base 12, what is -27 + 3?
-24
In base 4, what is -21210 - -1?
-21203
In base 15, what is 9 - 16e?
-165
In base 14, what is 35 - 2c?
7
In base 14, what is 3 - 2d?
-2a
In base 7, what is -112 + 223?
111
In base 8, what is 251 - 25?
224
In base 16, what is 2d - 1?
2c
In base 12, what is -4ba8 + -3?
-4bab
In base 7, what is -26654 - -3?
-26651
In base 16, what is 40d - -3?
410
In base 13, what is -2 - -195?
193
In base 5, what is -220203 - -4?
-220144
In base 10, what is -1361 + -6?
-1367
In base 5, what is 1231 - 10?
1221
In base 4, what is 10 - -123?
133
In base 14, what is -2a8 - -1d?
-289
In base 7, what is 15 - 35?
-20
In base 11, what is 6 - 17?
-11
In base 3, what is 12012 + 10?
12022
In base 6, what is -21051 - 2?
-21053
In base 6, what is 1 - 213?
-212
In base 13, what is -bc + 12?
-aa
In base 11, what is 286a + -4?
2866
In base 14, what is -26c + -1?
-26d
In base 5, what is -3 - -3?
0
In base 9, what is 260 + -2?
257
In base 5, what is -3 + -300?
-303
In base 11, what is 78 + -9?
6a
In base 6, what is -50 - -4?
-42
In base 3, what is -200 - -11?
-112
In base 10, what is -7557 - 4?
-7561
In base 6, what is 22231 + 5?
22240
In base 3, what is -1 + -212001?
-212002
In base 15, what is -27 - -11?
-16
In base 5, what is -11301 - 3?
-11304
In base 12, what is -1 + -21?
-22
In base 15, what is 5 + 80?
85
In base 8, what is -12 - -1067?
1055
In base 12, what is 0 + 240?
240
In base 5, what is 1 - 230?
-224
In base 3, what is 111 + 2211?
10022
In base 15, what is -20 - -7?
-18
In base 15, what is 5 - -d1?
d6
In base 11, what is 0 + -47?
-47
In base 6, what is 3 + -40512?
-40505
In base 8, what is 43 - -41?
104
In base 15, what is 94 - ab?
-17
In base 7, what is 4 - 52?
-45
In base 13, what is -1c + -4?
-23
In base 16, what is -720 - 4?
-724
In base 14, what is 58 + 4?
5c
In base 16, what is -1 + -10c?
-10d
In base 8, what is 6736 - 5?
6731
In base 6, what is 1320 + -2?
1314
In base 7, what is -201564 - -4?
-201560
In base 10, what is -4288 - -3?
-4285
In base 13, what is -1717 - -1?
-1716
In base 10, what is -4 + -11?
-15
In base 2, what is -1001 - -1111101?
1110100
In base 12, what is 76 + -21?
55
In base 8, what is -3 + -1170?
-1173
In base 12, what is 5 - 1132?
-1129
In base 2, what is -101010 + 100101?
-101
In base 2, what is 10000101001010 + -10?
10000101001000
In base 3, what is -20 + -10?
-100
In base 11, what is -1 - -112a?
1129
In base 8, what is 24 - 107?
-63
In base 4, what is 13321 - 2?
13313
In base 2, what is 100 - -1011110110?
1011111010
In base 6, what is 0 + 205?
205
In base 2, what is -1000100010001 + 101?
-1000100001100
In base 2, what is -10110010 + -11101?
-11001111
In base 15, what is a - -92?
9c
In base 6, what is -3 + -1213?
-1220
In base 14, what is -7 - 24?
-2b
In base 9, what is -5 + 5320?
5314
In base 3, what is 110 - 1002112?
-1002002
In base 8, what is 521 + -3?
516
In base 2, what is -1001110110 - 101?
-1001111011
In base 10, what is -1219 - 1?
-1220
In base 12, what is -4 - -b17?
b13
In base 9, what is 1 + 3713?
3714
In base 11, what is -3 + 1309?
1306
In base 15, what is -5 - 9?
-e
In base 10, what is -20 - 11?
-31
In base 16, what is -9b - 5?
-a0
In base 3, what is 12 - 20212?
-20200
In base 5, what is 30200 - 3?
30142
In base 8, what is 4 - 63?
-57
In base 16, what is 246 - -2?
248
In base 16, what is -3c - 2e?
-6a
In base 12, what is -29 + 7?
-22
In base 5, what is 230113 - -2?
230120
In base 9, what is -12763 - 3?
-12766
In base 13, what is -18 + 19?
1
In base 15, what is 137e + 4?
1383
In base 6, what is 4 - -124?
132
In base 6, what is -135 - -1?
-134
In base 9, what is -5 + -67